5)/10060)?
503
Suppose 2*u + 2 = 3*u + 3*q, 0 = u - 2*q - 7. Suppose -u*x = 7*x - 1704. What are the prime factors of x?
2, 71
Suppose 5*g + 45 = 10*g. Suppose g*o = 511 + 551. What are the prime factors of o?
2, 59
Suppose 18*h - 15*h + 717 = 0. Let g = -31 - h. What are the prime factors of g?
2, 13
Let s be (-21)/(-6) + 3/(-6)*1. What are the prime factors of (-1)/s + 1146/9 + 2?
3, 43
List the prime factors of 2/11 - 487900/(-451).
2, 541
Let u = -58 + 158. Suppose -i - 4*i + 414 = 4*v, -v + u = 3*i. What are the prime factors of v?
2, 53
Let a = -3937 - -7934. List the prime factors of a.
7, 571
Suppose 0 = 9*i - 23*i - 70. Let j = 29 - 10. Let m = j + i. What are the prime factors of m?
2, 7
Let q(d) = 998*d + 10. Let g be q(1). Suppose -5*f + f - g = -4*y, 0 = -3*y - f + 736. What are the prime factors of y?
13, 19
Suppose -5*j = a - 21, 4*a = 4*j - 9*j + 24. List the prime factors of (j + 46/3)*(-9)/(-6).
29
Suppose 3*f - k - 1034 = 0, -2*f - k + 4*k = -680. What are the prime factors of f?
2, 173
Suppose 56 = 12*m - 76. Suppose 17*g - m*g = 54. What are the prime factors of g?
3
Let r = 4 + -5. Suppose -4*h - 5860 = f, 2*f = -4*h - 8077 + 2217. What are the prime factors of h/(-30) - r/6?
7
Let v be (0 - 4/3)/(66/(-99)). Suppose v*o + 952 = 9*o. What are the prime factors of o?
2, 17
Suppose 0 = -32*j + 8*j + 10536. List the prime factors of j.
439
Let c(r) = r + 9. Let o be c(-17). List the prime factors of 19/4 + o/(-32).
5
Let n(b) = -190*b**3 - 1. Let j be n(-1). Let g = j - 98. What are the prime factors of g?
7, 13
What are the prime factors of (0 + -24)*7473/(-94)?
2, 3, 53
Let r(u) = 6*u + 185. Let g be 0 + 4/6 + (-100)/150. List the prime factors of r(g).
5, 37
Let l be (-4)/((6/477)/1). Let i = -93 - l. Suppose 5*p = -5*b + i, 2*b - 135 + 45 = 5*p. List the prime factors of b.
3, 5
Let m = -153 + 49. Let v = 169 + m. List the prime factors of v.
5, 13
Suppose 148*k - 9032 = 140*k. What are the prime factors of k?
1129
Let g be ((-3)/(-9))/((-1)/(-813)). Suppose -79 = -5*t + g. List the prime factors of (3/(-5))/((-2)/t).
3, 7
Suppose -2*p + p + 8 = 0. Suppose 110 = 13*o - p*o. List the prime factors of o.
2, 11
Suppose -5*f - 720 = 5*m, 4*m - 5*f + 60 + 534 = 0. Let c be (-4 - m/(-2))/(-1). Let w = -2 + c. List the prime factors of w.
3, 5
What are the prime factors of 116*1*((-125)/(-4))/5?
5, 29
What are the prime factors of (-112554)/(-273) + (-4)/14?
2, 103
Let n(t) = t**2 + t. Let b be n(-2). Suppose y = -b*y + 15. Let a(c) = c + 2. List the prime factors of a(y).
7
Suppose -17*k + 2412 + 8349 = 0. List the prime factors of k.
3, 211
Suppose 3364 = 2*c + 4*g, 4*c - g = 5*c - 1687. List the prime factors of c.
2, 3, 47
Suppose k - 4 = -3*f, 2*f + 0*k = -5*k + 20. What are the prime factors of (f + 2)*(-1)/(-4)*226?
113
Let j be (1/(-3))/((-4)/(-228)). Let f(h) = h**3 + 19*h**2 - 3*h - 17. What are the prime factors of f(j)?
2, 5
Let t(v) = v**2 + 9*v + 5. Let h be t(-15). Let y = 148 - h. What are the prime factors of y?
53
Suppose 0 = 12*z + 2*z - 11144. What are the prime factors of z?
2, 199
Let l be 44/(-8) + (-4)/(-8). What are the prime factors of 43 - (-1)/((l/(-2))/5)?
3, 5
Suppose 4*u - 797 + 157 = -c, c = u + 635. Suppose -12*z + 1236 = -c. List the prime factors of z.
2, 3, 13
Suppose l + 3*l = -4. Let t(u) = 91*u**2 - 3*u - 14. Let v(w) = -30*w**2 + w + 5. Let n(k) = 6*t(k) + 17*v(k). What are the prime factors of n(l)?
2, 19
List the prime factors of (25353/(-108))/((-6)/8).
313
Let h(b) = -11*b + 39. Let k be h(5). Let g(p) = -p**3 - 14*p**2 + 24*p + 23. What are the prime factors of g(k)?
151
Suppose -29*t = -26*t - 591. What are the prime factors of t?
197
Let q(v) = 9*v**2 - 4*v + 1. Suppose -4*o - 72 + 60 = 0. List the prime factors of q(o).
2, 47
What are the prime factors of ((-142 - -1)/3)/(-3 - -2)?
47
Let h = -158 + 173. Let n(b) = -3*b**2 - 35*b + 64. Let w(p) = 4*p**2 + 52*p - 96. Let k(s) = -7*n(s) - 5*w(s). List the prime factors of k(h).
2
Suppose 832*p + 396 = 833*p. What are the prime factors of p?
2, 3, 11
Suppose -g - c = -5, -15 = -3*g - 6*c + 9*c. Suppose -5*h = -s + 149, 1015 = g*s + h + 140. What are the prime factors of s?
2, 3, 29
Let q(j) = -23*j - 1. Suppose 0 = 5*k + 5*d + 10, 2*k = 5*d - 19 + 1. What are the prime factors of q(k)?
7, 13
Let h(t) = t**3 - 8*t**2 - t + 2. Let u be h(8). List the prime factors of (-1195)/(-15) - 2/u - 1.
79
Suppose -6*x = -1240 - 1508. List the prime factors of x.
2, 229
Suppose 26*k + 3073 - 11497 = 0. What are the prime factors of k?
2, 3
List the prime factors of (1 + 0)*(1052 + -21).
1031
Let s(p) = p**3 - 3*p**2 - 5*p - 5. Let b = -22 - -27. What are the prime factors of s(b)?
2, 5
Suppose 2*j + 24*b - 123 = 19*b, -5*j + 333 = 4*b. What are the prime factors of j?
3, 23
Let o be (20/(-8) - -3)/((-2)/(-852)). Let b = o - 150. What are the prime factors of b?
3, 7
Let o = 94 + -80. List the prime factors of o.
2, 7
Suppose 0*g - 3*g + 742 = 4*b, -3*b + 565 = -2*g. Let h = b - 47. What are the prime factors of h?
2, 5, 7
Let v(o) = 3*o**2 + 12*o - 8. Let t be v(-10). Let g = t - 117. What are the prime factors of g?
5, 11
Let k(r) = -3*r - 6. Let p be k(-2). Suppose 4*d - 5*y = 2*d + 318, 4*y = p. What are the prime factors of d?
3, 53
Suppose 11*k + 56 = 3*k. Let z = 30 + k. What are the prime factors of z?
23
Let a(w) = -10*w**2 - 21*w + 12. Let v(y) = 5*y**2 + 10*y - 6. Let m(b) = 2*a(b) + 5*v(b). What are the prime factors of m(3)?
3, 7
List the prime factors of 276/(-20)*200/(-24).
5, 23
Let n(u) = -u - 11. Let d be n(-11). Suppose -2*w = q - 46, -2*w + 0*q + 4*q + 56 = d. List the prime factors of w.
2, 3
Let d(o) = -o + 17. Let f = -5 + 7. Let a be 8*(-3)/((-6)/f). What are the prime factors of d(a)?
3
Let i = -33 - -66. Let n = i + -28. Suppose -5*v + 25 = 0, -n*u - 3*v + 2*v = -290. What are the prime factors of u?
3, 19
Suppose 2*p - x - 45 = -2*p, p - x = 9. Suppose 11*u - 8*u - p = 0. What are the prime factors of u?
2
Let d = 11 + -7. Suppose d*p = -4*y + 28, 2*p = -0 + 6. Suppose 5*v + 2*w = 120, 20 = v + 4*w - y. What are the prime factors of v?
2, 3
Suppose -3*i + 3*h + 40 = 106, 0 = -3*h + 12. Suppose -2 - 34 = 3*n. What are the prime factors of (-3)/(-1)*n/i?
2
Let l = 14 + -5. Suppose -l*x + 423 + 1260 = 0. List the prime factors of x.
11, 17
Suppose 2*z + 0 - 14 = i, -5*z + 17 = 2*i. Suppose 5*y = s + 21, 0*y - 3*y = z*s - 7. What are the prime factors of y?
2
Let g(p) = -6*p - 32. Let l be (-44)/3*(-3)/(-2). What are the prime factors of g(l)?
2, 5
List the prime factors of (1112 - -26)*(-1)/(-2).
569
Let a(x) be the third derivative of 11*x**5/60 + x**4/12 - x**3/2 - 2*x**2. Suppose f - 4 = -s, 6 = -2*s + 5*s. List the prime factors of a(f).
3, 5
Let m(o) = o**3 + 3*o**2 + 5. Let j be m(-4). Let t(q) = q + 13. Let b be t(j). Suppose -b*x + 10 + 16 = 3*p, 2*p + 16 = 2*x. What are the prime factors of x?
2, 5
Let k(x) be the second derivative of -x**4/6 + 11*x**3/3 - 15*x**2/2 + 9*x. Let f be k(10). Let g(l) = 6*l + 5. What are the prime factors of g(f)?
5, 7
Suppose f + 22 = 307. List the prime factors of f.
3, 5, 19
Suppose 356*g + 970 = 366*g. List the prime factors of g.
97
Let s(y) = 7*y**2 + 5*y. Let o(b) = -8*b**2 - 4*b - 1. Let h(a) = -4*o(a) - 3*s(a). What are the prime factors of h(4)?
2, 23
Let z be (20/(-45))/(4/(-18)). Suppose 10 = z*f + 3*f. Suppose f*p + 3*p = 25. List the prime factors of p.
5
Let j = 452 - 322. Let q = -20 + j. What are the prime factors of q?
2, 5, 11
Let a = -298 - -892. What are the prime factors of a?
2, 3, 11
Let b be 4/(-16) + 17/4. Suppose -4*s = 3*z - 109, 41 = -b*z - 2*s + 203. Let h = 89 - z. List the prime factors of h.
2, 23
Let l = -100 + 149. Let b = l + -4. What are the prime factors of b?
3, 5
Suppose 41656 - 11855 = 17*b. What are the prime factors of b?
1753
Let q(l) = -13*l**2 + 3*l + 14. Let s be q(-5). Let o = s - -602. What are the prime factors of o?
2, 3, 23
Let f(r) = -r**2 - 6*r - 2. Let c be f(-5). Suppose c*y = -y + 320. What are the prime factors of y?
2, 5
Suppose 3*n + 3*b - 978 = 0, 0 = 4*n + 5*b - 229 - 1078. What are the prime factors of n?
17, 19
Suppose x + 2*x + 261 = 4*w, 3*w - 198 = 3*x. Let v = w - 21. What are the prime factors of v?
2, 3, 7
Let x b